388 = 0. Calculate the greatest common factor of a and w.
12
Let g(p) = p**2 + 13*p + 16. Let s(n) = 4*n**2 - 7*n - 6. Let y be s(-3). Let t = -65 + y. Let i be g(t). Calculate the greatest common divisor of 20 and i.
10
Let h be 135/18 - (-2)/(-4). Let r(a) = -a**2 + 2*a - 2. Let n be r(1). Let s be ((-35*7)/5)/n. What is the highest common divisor of h and s?
7
Let q(l) = -2*l - 114. Let x be q(-85). Let u be 35/2*(-4)/(-5). What is the highest common divisor of u and x?
14
Let r = 1195 - 1099. What is the highest common factor of 32 and r?
32
Suppose -4685*t + 840 = -4682*t. What is the greatest common divisor of 1080 and t?
40
Suppose -1395*o = -1348*o - 470. What is the greatest common factor of 1005 and o?
5
Let p = 163 + -161. Let f be 7 - 10 - (p + -95). What is the greatest common factor of f and 10?
10
Suppose -5*a = -2*a + 108. Let k(y) = 5*y**2 + 8*y - 13. Let l be k(3). Let v = l + a. What is the greatest common divisor of v and 80?
20
Let z be 14/21*(-9)/(-2). Suppose -z*r + 585 = -3*x, 6*r - x - 591 = 3*r. Let w be 6/(-9)*(-858)/26. What is the greatest common divisor of r and w?
22
Let f be 9/21*7*-6. Let x = 106 - f. What is the highest common divisor of x and 31?
31
Suppose -391*k = -337*k - 52488. Calculate the greatest common divisor of k and 4.
4
Suppose 16 = 4*r - 2*i - 34, i = 5. Let d(k) = -6*k**3 - k**2 - k. Let t be d(-1). What is the highest common factor of t and r?
3
Suppose -550 = -2*i + 2*d, 4*i - 335 = 3*d + 766. Let w = -450 + i. Let x be (6/8)/(2 - w/(-88)). Calculate the greatest common divisor of 330 and x.
33
Let z = -801 + 905. Suppose -3*d + 184 = -50. Calculate the greatest common divisor of d and z.
26
Suppose -4*m + 6*m = 82. Let z = m + 85. Calculate the highest common factor of z and 14.
14
Let r(l) = -l**3 + 14*l**2 + 101*l + 84. Let d be r(19). What is the greatest common factor of 550 and d?
22
Let t = -44 + 49. Let j be (5 - 81/15) + (-248)/t. Let b = 76 + j. Calculate the greatest common factor of b and 286.
26
Suppose -166*o + 173*o = 0. Suppose -26*f + 29 - 3 = o. Let a(q) = 6*q**2 + 2*q - 1. Let t be a(1). What is the greatest common factor of t and f?
1
Let a(k) = k**3 + 23*k**2 + 43*k + 28. Let y be a(-21). Suppose -294 = -7*g - y*g. Calculate the highest common factor of 21 and g.
21
Suppose 0 = -4*q + 3*q - 4. Let s be ((-2)/q)/((-1)/12). Let g = 8 - s. What is the highest common factor of g and 7?
7
Suppose u - 100 = -4*q, 20*q = 3*u + 24*q - 340. Calculate the highest common divisor of 570 and u.
30
Let t(r) = 4*r**2 - 6 + 4*r + 4*r - 5*r**2. Let x be t(7). Let s be (1 + x - -28)*2/5. What is the greatest common factor of 12 and s?
12
Suppose 3*i + 1084 = -116. Let m = 25 + -41. Let a = m - i. Calculate the highest common divisor of 48 and a.
48
Let x = -15 + 81. Suppose -107*l = -99*l - 26 - 150. What is the highest common divisor of l and x?
22
Let o be 42 + (10 - -1 - 8). What is the highest common factor of o and 747?
9
Let u(f) = -f**2 + 21*f + 706. Let p be u(-18). Let y = -33 + 48. Suppose -2*n + p*v = -58, 6 = -n - 2*v + y. What is the highest common divisor of n and 76?
19
Let c(l) = 66*l**2 - 5*l + 3. Let a = 70 + -69. Let h be c(a). What is the highest common factor of 704 and h?
64
Suppose -4*r - 4 = 0, 0 = l - 0*l - 4*r - 32. Calculate the highest common factor of l and 4802.
14
Suppose -8*u + 37*u = -3*u + 126848. Calculate the greatest common divisor of 4 and u.
4
Let t be (92742/234)/(3/99). What is the highest common factor of t and 957?
319
Suppose -530*n + 532*n - 3*x = 2274, 0 = 4*n + 3*x - 4656. Let r be (30/4)/((-1)/(-14)). Calculate the greatest common divisor of r and n.
105
Suppose -9*i = -6*i + 15. Let n be 30 + 3 + (i - -2). Let k be 0 - (0 + -235 - (20 + -15)). Calculate the greatest common divisor of k and n.
30
Suppose -4*g - 3*c + 0*c - 50 = 0, 0 = -g - 3*c - 8. Let m be 5/15 - 3/(9/g). Let d be (1 - (-57 - m)) + 3. What is the highest common factor of d and 110?
22
Suppose -105*i + 109*i = 2*q + 1292, q - 650 = -2*i. Calculate the highest common factor of i and 1890.
54
Let l(m) = 47*m**2 + 75*m - 12. Let i be l(-13). Calculate the greatest common factor of i and 188.
188
Suppose -4*m = o - 66, 3*o - 7*o = 2*m - 40. Let v be ((-17)/2)/((-2)/8). Let d = v - 26. What is the highest common factor of d and m?
8
Suppose 8*s - 1343 = -335. Let f be (14/(-10))/((-3)/15). What is the greatest common divisor of f and s?
7
Let n(i) = i**2 + 8*i + 17. Suppose -m = 5*d + 41, -2*m - 5 = 3*m. Let o be n(d). What is the highest common divisor of 391 and o?
17
Suppose 127*g = 124*g + l + 175, 0 = 2*g + 4*l - 140. What is the greatest common divisor of 2440 and g?
20
Let n be 1*(6 + -4 - (-6)/3). Suppose 702 = 2*v - n*f, 5*v - 1320 - 396 = -3*f. Suppose -12*h = -123 - v. Calculate the greatest common factor of 13 and h.
13
Let v be 77/5 + ((-88)/(-20))/(-11) + 1. Calculate the greatest common factor of v and 1304.
8
Let h = -80 - -109. Suppose h = -17*o + 165. Calculate the highest common divisor of 44 and o.
4
Suppose -44 - 66 = -8*f + 114. What is the greatest common factor of 21 and f?
7
Suppose v + 4*v + 688 = 2178. What is the greatest common factor of v and 36?
2
Let y be (-216)/(6 + 60/(-9)). Suppose -18*d - y = -5*k - 17*d, -2*k - 5*d + 108 = 0. What is the highest common divisor of k and 8?
8
Let y be -20*(202/(-4) + 1*-1). Let d be y/((-5)/(-1)) + -6. What is the highest common divisor of d and 25?
25
Suppose 61811 = 2*n - 5*w, -4*n - 3*w = -58109 - 65552. What is the highest common factor of n and 38?
19
Let y = -10125 + 11838. What is the highest common divisor of 3 and y?
3
Suppose 0 = c - 3*j - 113, c = -c + 3*j + 235. Let b = c + -109. Calculate the highest common factor of 1 and b.
1
Let t = -196 - -193. Let j be 1180/14 + t + (-114)/(-42). What is the greatest common divisor of j and 63?
21
Let b(d) = -d**2 - 6*d. Let c be b(-6). Suppose -100*v + 17*v = -1992. Suppose x - 3*x + v = c. Calculate the greatest common divisor of x and 48.
12
Let i be ((-216)/126*9/6)/(30/(-3640)). Calculate the greatest common factor of 4576 and i.
104
Let k be 2/(-4) + (-51)/(-2). Let t be ((-1)/4*10620/(-1593))/(2/30). What is the greatest common factor of t and k?
25
Let z(t) = t**3 - 6*t**2 - 2*t + 1. Let w be z(7). Suppose 2*n = -2*c + 198, 10*c = -2*n + 13*c + 183. Calculate the highest common divisor of n and w.
12
Let v = 10441 - -8167. Calculate the greatest common factor of v and 16.
16
Suppose 0 = 5*u + 4*p - 4717, 48*p + 935 = u + 46*p. Let s = u - 525. What is the greatest common factor of 32 and s?
32
Let i(k) = -k**3 - 2*k - 9. Let j be i(-5). Suppose j = -5*m + 14*m. Calculate the highest common factor of m and 854.
14
Let x be 4*3633 - (15 + -14 + -3). What is the greatest common factor of 86 and x?
86
Let l be 3*12*(-13)/(-351)*(-105)/(-2). What is the greatest common factor of 1870 and l?
10
Let j = 29 + -9. Suppose b - 16 = -2*x - 5, 39 = 3*x - 3*b. Suppose -4*w = -v + x, 56 = -2*v + 7*v - 4*w. What is the greatest common divisor of j and v?
4
Let c be -4 + ((-4797)/(-27) - 3)*9/6. Calculate the greatest common factor of c and 3182.
86
Let q = 61 + -59. Let b be q - (-3 + (-113 - 3)/4). Calculate the greatest common divisor of b and 136.
34
Suppose -2*q + 11 + 69 = 0. Let i(k) = 26*k**2 + 14*k - 32. Let a be i(4). Calculate the highest common divisor of a and q.
40
Suppose 18 = 2*w + 2. Let z be (46/(-8))/(582/(-18624)). Calculate the highest common factor of z and w.
8
Let s be (-336)/126*(0 + -75). What is the greatest common factor of s and 120?
40
Let g(f) = -f**3 + 8*f**2 + 4. Let x be g(8). Suppose 3*j = -x*m + 1668, -j - 4 = -0. Calculate the highest common divisor of m and 36.
12
Let w be (2/((-4)/9))/((-795)/26500). Suppose -330 = -12*u + w. What is the greatest common factor of 104 and u?
8
Suppose -2*g = g + 9, 2*w - 79*g = -81*g + 56. Suppose 0 = 5*c - 4*y + 6, 2*c - 2*y + 1 = -3. Calculate the highest common factor of c and w.
1
Let a = -4549 - -4569. Calculate the highest common factor of 76 and a.
4
Let b be (-3799)/(-4) - 553/(-79)*(-2)/8. Calculate the highest common factor of b and 96.
12
Suppose -155*l + 2602 = -4838. What is the highest common divisor of l and 2384?
16
Let h(n) = -117*n - 168. Let j(s) = -40*s - 56. Let t(u) = 3*h(